{"id":1281,"date":"2025-03-24T16:18:26","date_gmt":"2025-03-24T15:18:26","guid":{"rendered":"http:\/\/www.augustynstudio.pl\/sklep\/?post_type=product&#038;p=1281"},"modified":"2025-04-05T21:54:25","modified_gmt":"2025-04-05T19:54:25","slug":"plakat-samotnia-2","status":"publish","type":"product","link":"http:\/\/www.augustynstudio.pl\/sklep\/produkt\/plakat-samotnia-2\/","title":{"rendered":"Plakat Samotnia 2"},"content":{"rendered":"<p>Ikona Karkonoszy &#8211; legendarne Schronisko Samotnia i kocio\u0142 Ma\u0142ego Stawu.<\/p>\n<p>W styczniu 2023 zosta\u0142em zaproszony przez Marka Arcimowicza na plener, kt\u00f3ry wsp\u00f3lnie zorganizowa\u0142 z Jankiem Zawadzkim. Przez ca\u0142y plener wia\u0142 porywisty wiatr, pada\u0142 mokry \u015bnieg lub by\u0142a mg\u0142a. Warunki pozornie niesprzyjaj\u0105ce fotografowaniu, lecz w\u0142a\u015bnie ta aura pozwoli\u0142a mi stworzy\u0107 moje wyobra\u017cenie samotni.<\/p>\n<p>Wysokiej klasy druk cyfrowy.<\/p>\n<p>Formaty plakatu zgodne z najbardziej popularnymi rozmiarami ram.<\/p>\n<p>Wysy\u0142ka w tubie lub kopercie.<\/p>\n<p>Na zam\u00f3wienie mo\u017cliwy druk na materiale Alu-Dibond do formatu 140&#215;200.<\/p>\n","protected":false},"excerpt":{"rendered":"<p>Ikona Karkonoszy &#8211; legendarne Schronisko Samotnia i kocio\u0142 Ma\u0142ego Stawu. W styczniu 2023 zosta\u0142em zaproszony przez Marka Arcimowicza na plener, kt\u00f3ry wsp\u00f3lnie zorganizowa\u0142 z Jankiem Zawadzkim. Przez ca\u0142y plener wia\u0142 porywisty wiatr, pada\u0142 mokry \u015bnieg lub by\u0142a mg\u0142a. Warunki pozornie niesprzyjaj\u0105ce fotografowaniu, lecz w\u0142a\u015bnie ta aura pozwoli\u0142a mi stworzy\u0107 moje wyobra\u017cenie samotni. Wysokiej klasy druk cyfrowy. Formaty plakatu zgodne z najbardziej popularnymi rozmiarami ram. Wysy\u0142ka w tubie lub kopercie. Na zam\u00f3wienie mo\u017cliwy druk na materiale Alu-Dibond do formatu 140&#215;200.<\/p>\n","protected":false},"featured_media":1280,"template":"","meta":[],"product_brand":[],"product_cat":[207],"product_tag":[80,115,93,50,159,150,58,146,135,158,157,208,209,116,143],"class_list":{"0":"post-1281","1":"product","2":"type-product","3":"status-publish","4":"has-post-thumbnail","6":"product_cat-plakaty","7":"product_tag-artistic-photography","8":"product_tag-artystyczne-fotografie","9":"product_tag-colorful-expression","10":"product_tag-fotografia-artystyczna","11":"product_tag-malownicze-widoki","12":"product_tag-mountain-landscape","13":"product_tag-natural-light","14":"product_tag-nature","15":"product_tag-norway","16":"product_tag-painterly-landscape","17":"product_tag-pejzaz-malarski","18":"product_tag-plakat","19":"product_tag-poster","20":"product_tag-swiatlo-i-cien","21":"product_tag-waterfall","22":"product_shipping_class-tuba","23":"pa_format-30-x-40-cm","24":"pa_format-50-x-70-cm","25":"pa_format-70-x-100-cm","27":"first","28":"onbackorder","29":"sale","30":"shipping-taxable","31":"purchasable","32":"product-type-variable"},"_links":{"self":[{"href":"http:\/\/www.augustynstudio.pl\/sklep\/wp-json\/wp\/v2\/product\/1281","targetHints":{"allow":["GET"]}}],"collection":[{"href":"http:\/\/www.augustynstudio.pl\/sklep\/wp-json\/wp\/v2\/product"}],"about":[{"href":"http:\/\/www.augustynstudio.pl\/sklep\/wp-json\/wp\/v2\/types\/product"}],"wp:featuredmedia":[{"embeddable":true,"href":"http:\/\/www.augustynstudio.pl\/sklep\/wp-json\/wp\/v2\/media\/1280"}],"wp:attachment":[{"href":"http:\/\/www.augustynstudio.pl\/sklep\/wp-json\/wp\/v2\/media?parent=1281"}],"wp:term":[{"taxonomy":"product_brand","embeddable":true,"href":"http:\/\/www.augustynstudio.pl\/sklep\/wp-json\/wp\/v2\/product_brand?post=1281"},{"taxonomy":"product_cat","embeddable":true,"href":"http:\/\/www.augustynstudio.pl\/sklep\/wp-json\/wp\/v2\/product_cat?post=1281"},{"taxonomy":"product_tag","embeddable":true,"href":"http:\/\/www.augustynstudio.pl\/sklep\/wp-json\/wp\/v2\/product_tag?post=1281"}],"curies":[{"name":"wp","href":"https:\/\/api.w.org\/{rel}","templated":true}]}}